er when v is divided by 45.
44
Let m(u) = -u**2 - u + 30. Let f be (0 + 3)/3 + -1. What is the remainder when m(f) is divided by ((-4)/(-6))/(3/72)?
14
Suppose 0 = 5*x + 14 + 1, 2*x = -5*s + 1174. Calculate the remainder when s is divided by 32.
12
Suppose -3*y + 5*i = -7*y + 577, 717 = 5*y + 2*i. Calculate the remainder when y is divided by 29.
27
Let j = 123 + -85. Calculate the remainder when ((-139)/4 + (-15)/5)*-4 is divided by j.
37
Suppose q = -3*q + 3*b - 37, -4*q + 4*b - 36 = 0. Let u be 10/(-4)*8/q. Calculate the remainder when -34*2*(-1)/u is divided by 12.
10
Let f = 106 - 80. What is the remainder when 180 is divided by f?
24
Suppose l + 0 - 2 = 0. Suppose p + p = l. What is the remainder when p is divided by 1?
0
Suppose 0 = p - 4*f - 11, -3 = -3*f + 4*f. Let a(v) = -22*v**3 + v**2 + 2*v + 1. What is the remainder when 109 is divided by a(p)?
21
Let p be (-2020)/(-25) - 1/(-5). Suppose -2*i + p = -i. What is the remainder when i is divided by (-4)/(-10) - 206/(-10)?
18
Let d = 56039 - 56012. Let z be (-6)/9 - (-8)/3. Suppose z*y - 13 = 15. Calculate the remainder when d is divided by y.
13
Suppose -2*f = -4*i - 6, -f = 34*i - 32*i - 15. Calculate the remainder when 728 is divided by f.
8
Let f(k) = -k**3 - 11*k**2 - 20*k - 13. What is the remainder when 67 is divided by f(-9)?
2
Let f(d) = d**3 + 6*d**2 + 5*d + 3. Let g be f(-5). Let x = 84 + -77. What is the remainder when 1*(-1 + g) + 11 is divided by x?
6
Let h = -223 - -237. What is the remainder when 1019 is divided by h?
11
Let o(z) = -z**2 - z + 0 - 4*z + 3*z**2 + 1. What is the remainder when o(4) is divided by ((-11)/33)/(2/(-24))?
1
Suppose -c + 8 = -3*s, 3*s - 62 = -c - 3*c. Calculate the remainder when 74 is divided by c.
4
Let w(b) = -b**2 - 18*b. Let k be w(-18). Suppose k = l - 2 - 4. What is the remainder when (-2 + 1)/(6/(-138)) is divided by l?
5
Let w = 91 - -11. Suppose -w*m + 105*m = 48. What is the remainder when m is divided by 6?
4
Let j(k) = k**3 - k**2 - 24*k + 10. Let z be j(5). Let c(w) = -w**2 - 12*w - 14. Calculate the remainder when c(z) is divided by 2.
0
Suppose 0 = 4*v - 20, -74 - 489 = -2*d + 3*v. What is the remainder when d is divided by 96?
1
Suppose -6*a = 3*a - 99. Calculate the remainder when 17 is divided by a.
6
Suppose -4*g = -g - 9. Suppose -4*d + 3*b = -3*d - 73, 3*d = -g*b + 219. Calculate the remainder when d is divided by 15.
13
Let r = 77 - 38. Let m = r + 10. Calculate the remainder when m is divided by 15.
4
Suppose 4*m = 5*v + 101, -m + 5*m - 97 = v. Suppose 4*k + 37 = 225. What is the remainder when k is divided by m?
23
Let p(i) = 40*i**2 - 3*i + 1. Let o be p(1). Suppose 4*m + 4*g = -100, -2*m + 3*g + 2*g = 57. Let v = o + m. Calculate the remainder when 33 is divided by v.
9
Suppose -y - 5*a = -52, -3*a - 27 = 4*y - 201. Let l = -8 + y. Calculate the remainder when l is divided by 19.
15
Suppose -4*y + 0*y = -28. Let z(g) = -g**3 + 7*g**2 + 4*g - 12. What is the remainder when 78 is divided by z(y)?
14
Let a(s) = 25*s**3 - 3*s**2 + 2*s - 2. Let t be a(2). Suppose 6*z - t = z. What is the remainder when z is divided by 10?
8
Let y = 143 + -133. Suppose -7*s = y - 220. What is the remainder when s is divided by 7?
2
Let g be ((-2)/6)/((-4)/72). Suppose d = -1 + g. Let n(j) = j + 16. What is the remainder when n(-7) is divided by d?
4
Let x(n) = -48*n - 29. Let s be x(-5). Suppose 5*c - s = 144. Calculate the remainder when c is divided by 24.
23
Suppose -23*z - 5*c - 70 = -26*z, -3*c = -3*z + 78. What is the remainder when 278 is divided by z?
8
Let r = 43 + -23. Let q = 8 - r. What is the remainder when 22 is divided by q/5*(-40)/16?
4
Let j(g) = 57*g + 143. Calculate the remainder when 63 is divided by j(-2).
5
Let w(v) = -v**3 - 6*v**2 + 5*v - 2. Let b be w(-7). What is the remainder when ((-62)/8)/((-3)/b) is divided by 11?
9
What is the remainder when 220 is divided by (5 - (-42)/6) + 5?
16
Let n be (-9 - 16)/((1 + 2)/(-3)). Let s be -5*6*4/6. Let i = s + n. Calculate the remainder when i is divided by 4.
1
Let n = -1 - 1. Let m(s) = -23*s + 4. Let w be m(n). Suppose -5*j + 10 + w = 0. Calculate the remainder when 33 is divided by j.
9
Suppose -5*b + 288 = -3*b. Suppose -3*z - 93 = -b. What is the remainder when 83 is divided by z?
15
Let a = 113 + -50. Let k = a - 25. Calculate the remainder when k is divided by 13.
12
Let w = 1770 - 1748. Calculate the remainder when 58 is divided by w.
14
Suppose 5*l - 105 = -5*r, -r + 6*r = 5*l - 155. Let h = 49 + -43. Suppose 0 = -o - 3*y + 3, 2*o - h*o + y = -38. Calculate the remainder when l is divided by o.
8
Let u(v) = -v**2 + 3*v - 2. Let g = -10 + 15. Let r be u(g). What is the remainder when 25 + (-8)/r*-3 is divided by 8?
7
Suppose 4*i - 24 = 3*l, 0 = 3*i - l - 4 - 9. Calculate the remainder when 16 is divided by ((45/(-6))/5)/(i/(-18)).
7
Suppose -5*u - w + 13 = 0, -u + 2*w = 3*u - 2. What is the remainder when 33 is divided by ((-84)/(-140))/(u/30)?
6
Let s(v) = 22*v + 145. What is the remainder when s(-3) is divided by 29?
21
Calculate the remainder when 511 is divided by (32/8)/12*309.
99
Suppose 767 = -3*g - r + 2*r, g + 4*r + 273 = 0. Let q = 374 + g. Calculate the remainder when q is divided by 17.
15
Let c be 2/(-6) - ((-39)/9 - -5). What is the remainder when 67 is divided by 21 + -17 + (c - -20)?
21
Suppose -125 = -7*w - 41. Let r = 93 - 71. What is the remainder when r is divided by w?
10
Suppose -3*k - 82 = -166. Calculate the remainder when 194 is divided by k.
26
Let c = -44 - -95. Calculate the remainder when c is divided by (-26)/(2366/(-1027)) + (-4)/14.
7
Calculate the remainder when (-40)/(-50) + 711/5 is divided by 21.
17
Suppose -1659*y = -1649*y - 860. Calculate the remainder when y is divided by 11 + 2 + -1 + -1.
9
Let i(r) = 21*r - 38. What is the remainder when 48 is divided by i(4)?
2
Let l be ((-3)/(-6))/(2/152). Let m = -21 + l. Let i = m - 2. Calculate the remainder when 59 is divided by i.
14
What is the remainder when 182/39 + (-2)/(-6) + 47 is divided by 41?
11
Suppose -4*p - 230 = -9*p - 2*s, -3*s + 15 = 0. Calculate the remainder when p is divided by 9.
8
Let n(f) = 9*f - 10 + f**2 - 25*f - 34. Calculate the remainder when n(19) is divided by 10/(2 + 0/(-3)).
3
Let f = 111 - 79. Calculate the remainder when 77 is divided by f.
13
Suppose -9*v + 8*v = -73. Let g = v + -14. Suppose 4*o = -5*n + 2*o + g, 46 = 4*n + 2*o. Calculate the remainder when 37 is divided by n.
11
Let q(v) = 56*v**2 - 4*v. Calculate the remainder when q(-2) is divided by 26.
24
Let t = 1 - 1. Let j(y) be the second derivative of -y**5/20 - y**4/12 + y**3/6 + 23*y**2/2 - 6*y. What is the remainder when j(t) is divided by 12?
11
Let a(w) = 13*w**2 + w. Suppose -g + 2 = -3*g. Let q = -816 - -860. What is the remainder when q is divided by a(g)?
8
What is the remainder when 1/(-4*5/(-1260)) is divided by 8?
7
Suppose 0 = -1947*y + 1926*y + 7560. Calculate the remainder when y is divided by 96.
72
Suppose 2*u - 3*o = 403, 4*o = -2*u + 528 - 90. Calculate the remainder when u is divided by 15.
14
Let y(z) = z**2 + 9*z - 8. Let t be y(-10). Suppose -v + t*v - 11 = 0. Suppose 39 = 4*j + v. What is the remainder when j is divided by 5?
2
Let m = -38 + -2. Let b = m - -47. What is the remainder when b is divided by 4?
3
Let g(n) = n**3 + 14*n**2 + 14*n + 19. Let y be g(-13). Suppose -r - y = 6. Let w = 20 + r. What is the remainder when 31 is divided by w?
7
Suppose -2*o + 4*z + 38 = 0, -2*o - 5*z + 18 = -20. Calculate the remainder when 35 is divided by o.
16
Suppose -r + 43 = 15. Let l be (-736)/(-64) + (-6)/(-4) + 0. Suppose 18*h - l*h = 260. What is the remainder when h is divided by r?
24
Suppose -250*z + 176 = -242*z. What is the remainder when z is divided by 8?
6
Suppose 2*n + 4*y = -62 + 206, -3*y = -5*n + 295. Calculate the remainder when n is divided by 33.
29
Suppose -158 = 6*s - 452. What is the remainder when 169 is divided by s?
22
Let c = 2 - -37. Suppose -4*i + 3*t = -47, -2*i + t = i - c. Suppose -3*l + 8*l - 270 = 0. What is the remainder when l is divided by i?
12
Let v(b) = b**3 + 15*b**2 + 13*b. Let m be v(-14). Suppose 5*t + 3*p = 264, 5*p = t - m - 50. What is the remainder when (t/(-21))/((-9)/84) is divided by 9?
6
Let p = -41 - -47. Suppose 21*j - 